Is 609879635 a multiple of 2314?
False
Does 28 divide 465860472?
True
Is 14339810 a multiple of 10?
True
Is 2590622838 a multiple of 58?
True
Is 4730 a factor of 5041873?
False
Is 384743100 a multiple of 10290?
True
Is 1140 a factor of 101657220?
True
Is 25530360 a multiple of 120?
True
Is 58536931 a multiple of 1193?
True
Is 4612056721 a multiple of 631?
False
Is 64782310 a multiple of 274?
False
Is 857877568 a multiple of 32?
True
Is 126 a factor of 37011618?
True
Is 822546144 a multiple of 336?
True
Is 40 a factor of 1343719884?
False
Is 50 a factor of 1112923900?
True
Is 23824140 a multiple of 10?
True
Is 7 a factor of 3216530?
False
Is 327332874 a multiple of 118?
False
Is 549921241 a multiple of 233?
True
Is 68150100 a multiple of 68?
False
Does 3 divide 49393615?
False
Is 128536126 a multiple of 11?
False
Does 241 divide 4905264?
False
Is 12367529 a multiple of 24?
False
Is 88118788 a multiple of 1964?
True
Does 15 divide 1215730200?
True
Is 1520129013 a multiple of 13?
True
Does 7 divide 13447378?
True
Is 289 a factor of 63407151?
False
Is 159729112 a multiple of 604?
False
Does 19 divide 635874140?
True
Is 6 a factor of 7478256?
True
Is 146059770 a multiple of 15?
True
Is 119962531 a multiple of 8?
False
Is 111216040 a multiple of 2735?
True
Is 240955403 a multiple of 13?
True
Is 135 a factor of 88909515?
True
Does 35 divide 614478725?
True
Is 1262 a factor of 567189494?
True
Is 39576677 a multiple of 12?
False
Is 501 a factor of 18215700?
False
Is 3 a factor of 8483936?
False
Is 52116809 a multiple of 2174?
False
Is 2558073 a multiple of 3?
True
Is 65 a factor of 115305840?
True
Is 2485287824 a multiple of 522?
False
Does 2437 divide 1210606695?
False
Is 6 a factor of 97896930?
True
Is 627 a factor of 48811950?
True
Does 2105 divide 74125470?
True
Is 402 a factor of 45591677?
False
Is 164996358 a multiple of 484?
False
Is 826896470 a multiple of 87?
False
Does 93 divide 14632434?
True
Does 1205 divide 1048288789?
False
Does 8 divide 236812379?
False
Does 24 divide 76892046?
False
Does 222 divide 353709048?
True
Is 54420198 a multiple of 908?
False
Is 119 a factor of 29508906?
True
Is 712741641 a multiple of 10?
False
Does 28 divide 88573560?
False
Is 552093870 a multiple of 1065?
True
Does 202 divide 864204156?
False
Does 17 divide 1955436956?
False
Is 1018650240 a multiple of 12?
True
Is 613095070 a multiple of 29?
False
Does 2833 divide 3163162559?
False
Is 309762961 a multiple of 19?
False
Is 1877 a factor of 497117819?
True
Is 288442290 a multiple of 141?
True
Is 296 a factor of 258774666?
False
Is 197143176 a multiple of 1641?
True
Is 21940586 a multiple of 21?
False
Is 4 a factor of 125999928?
True
Is 350 a factor of 79392478?
False
Is 17 a factor of 57366700?
False
Is 43729764 a multiple of 12?
True
Is 114436017 a multiple of 69?
True
Is 2643648137 a multiple of 8437?
False
Does 10 divide 21525179?
False
Does 72 divide 201221654?
False
Does 1686 divide 26622652?
False
Is 49953242 a multiple of 43?
False
Does 3628 divide 1967751012?
True
Is 56 a factor of 40489512?
True
Is 17 a factor of 1015065274?
True
Does 19 divide 66588416?
False
Is 13 a factor of 863269641?
True
Is 835 a factor of 58754775?
True
Is 224 a factor of 48438356?
False
Is 597290073 a multiple of 45?
False
Does 46 divide 69765946?
True
Is 132 a factor of 84843952?
False
Is 5 a factor of 72424050?
True
Is 104556174 a multiple of 45?
False
Does 9 divide 100582203?
False
Is 18162018 a multiple of 103?
False
Does 64 divide 63273664?
True
Is 83 a factor of 821487885?
False
Is 219908936 a multiple of 2087?
False
Is 241051582 a multiple of 306?
False
Is 49837062 a multiple of 33?
True
Is 26 a factor of 1236850686?
False
Does 1942 divide 351608152?
False
Does 3 divide 260044025?
False
Does 15 divide 1688573108?
False
Is 58 a factor of 749536740?
False
Is 155252563 a multiple of 27?
False
Is 49380705 a multiple of 260?
False
Is 6888 a factor of 3175659889?
False
Is 270 a factor of 242620650?
True
Is 2216497870 a multiple of 2290?
True
Is 16 a factor of 36827152?
True
Is 118878240 a multiple of 390?
True
Is 47093171 a multiple of 584?
False
Is 4 a factor of 64090081?
False
Is 38174224 a multiple of 11?
True
Does 11 divide 9607806?
False
Is 41 a factor of 28698748?
False
Is 221 a factor of 896924301?
True
Is 139 a factor of 274054?
False
Is 102831690 a multiple of 15?
True
Is 1635802 a multiple of 353?
True
Does 6157 divide 58349889?
True
Is 504 a factor of 3587395536?
False
Is 72197169 a multiple of 11?
True
Is 67 a factor of 71529777?
False
Is 57263835 a multiple of 435?
True
Does 14 divide 1318965368?
True
Does 473 divide 2192717008?
False
Is 19525091 a multiple of 667?
True
Is 1440683378 a multiple of 8603?
False
Does 10 divide 846551?
False
Is 1460370366 a multiple of 1638?
True
Is 90452393 a multiple of 15?
False
Does 21 divide 285553442?
False
Is 34 a factor of 504487070?
True
Does 677 divide 173436568?
True
Does 12 divide 1547138604?
True
Is 14822760 a multiple of 60?
True
Is 41 a factor of 12345223?
True
Is 70 a factor of 1183163904?
False
Does 1519 divide 172872833?
True
Is 7 a factor of 636501106?
False
Is 3 a factor of 445496?
False
Is 36 a factor of 23795100?
True
Is 33965085 a multiple of 77?
True
Is 61 a factor of 433269580?
True
Is 28 a factor of 80069616?
False
Is 294295680 a multiple of 4055?
True
Is 113254728 a multiple of 24?
True
Is 9413283 a multiple of 27?
False
Does 7 divide 72361226?
True
Does 14 divide 212342252?
False
Does 32 divide 2703592675?
False
Is 2446372 a multiple of 1222?
False
Is 439241940 a multiple of 4860?
True
Is 91 a factor of 263808107?
False
Does 582 divide 60754660?
False
Is 12 a factor of 1457731?
False
Does 25 divide 63298502?
False
Is 2415675732 a multiple of 109?
False
Does 11 divide 5548356?
True
Is 13 a factor of 77100915?
False
Is 4 a factor of 34453612?
True
Is 477031884 a multiple of 27?
False
Is 37737650 a multiple of 3050?
True
Is 710299800 a multiple of 92?
True
Does 74 divide 246779196?
True
Is 111062508 a multiple of 12?
True
Is 47 a factor of 2009037741?
False
Is 585291848 a multiple of 25?
False
Is 121 a factor of 871200?
True
Does 28 divide 273802525?
False
Is 1856737405 a multiple of 2192?
False
Does 2854 divide 12563308?
True
Is 96 a factor of 234722546?
False
Is 58 a factor of 397373284?
False
Does 27 divide 37107450?
True
Does 428 divide 10397404?
True
Is 17483973 a multiple of 663?
True
Is 346 a factor of 161334264?
True
Is 540893249 a multiple of 13?
True
Does 9470 divide 706862065?
False
Is 25 a factor of 131459500?
True
Does 168 divide 3827570?
False
Is 88 a factor of 9433115?
False
Is 107 a factor of 98471458?
True
Is 186456578 a multiple of 4266?
False
Is 36464851 a multiple of 7?
False
Is 553855640 a multiple of 468?
False
Does 654 divide 10951260?
False
Does 601 divide 37213920?
True
Does 3 divide 409287?
True
Does 6 divide 34280886?
True
Is 7 a factor of 45524661?
True
Is 9 a factor of 280713762?
True
Does 12 divide 34908164?
False
Is 399442717 a multiple of 854?
False
Does 2677 divide 38661234?
True
Does 13 divide 38829589?
False
Is 41310646 a multiple of 5?
False
Is 115 a factor of 6980155?
True
Is 13901730 a multiple of 119?
False
Is 1798658 a multiple of 114?
False
Does 96 divide 388406112?
True
Does 109 divide 85013192?
False
Is 253 a factor of 16208192?
True
Does 208 divide 142963600?
True
Is 35214912 a multiple of 24?
True
Is 4254916 a multiple of 7?
False
Does 25 divide 700364054?
False
Does 393 divide 63506442?
True
Is 30 a factor of 138716640?
True
Is 694598068 a multiple of 298?
True
Is 383295672 a multiple of 1882?
False
Is 849 a factor of 441307653?
True
Is 3278 a factor of 422473533?
False
Is 45 a factor of 131882963?
False
Is 14153631 a multiple of 824?
False
Is 31 a factor of 1837160533?
True
Does 203 divide 34108977?
False
Does 22 divide 406038736?
False
Is 12806662 a multiple of 21?
False
Does 1218 divide 146912259?
False
Does 2798 divide 86008271?
False
Is 201 a factor of 69858756?
True
Does 2622 divide 40196114?
False
Is 8592348 a multiple of 268?
True
Does 6 divide 3379475?
False
Is 23 a factor of 231832824?
True
Does 247 divide 36776942?
False
Does 67 divide 3022112526?
False
Is 31 a factor of 535811272?
False
Does 1497 divide 130571334?
True
Is 39461044 a multiple of 4?
T